In base 16, what is 66 + 6c?
d2
In base 4, what is 2 - -33231?
33233
In base 8, what is 5 - -62?
67
In base 6, what is 12501 + -5?
12452
In base 8, what is 24 - -106?
132
In base 15, what is e + 2?
11
In base 12, what is -1 + aa?
a9
In base 3, what is 12 - 1202?
-1120
In base 3, what is -11 + -2000?
-2011
In base 7, what is 44 - -2?
46
In base 5, what is -21001 - 1?
-21002
In base 9, what is 0 - -1836?
1836
In base 16, what is 5 + -22a?
-225
In base 14, what is 84 - -5?
89
In base 15, what is -65 - 3?
-68
In base 16, what is 5 + -35?
-30
In base 16, what is -c + -4?
-10
In base 8, what is 2 - 272?
-270
In base 11, what is -5 - -40?
36
In base 10, what is -23 - 29?
-52
In base 13, what is 35a + 2?
35c
In base 12, what is 5 + 31?
36
In base 10, what is 0 + -65?
-65
In base 5, what is -113 + 13?
-100
In base 14, what is -3a - 0?
-3a
In base 6, what is -114 + 4?
-110
In base 8, what is -126 - -5?
-121
In base 7, what is 2 + 510?
512
In base 2, what is -1001011000 + -101?
-1001011101
In base 3, what is -1100 + 2221?
1121
In base 13, what is 2 - 30?
-2b
In base 14, what is 36 - 1a?
1a
In base 6, what is 1 - -3152?
3153
In base 9, what is -64 - -23?
-41
In base 11, what is 82 - 10?
72
In base 2, what is 1001 + -1?
1000
In base 3, what is 11112 - -11?
11200
In base 14, what is 1 + -2819?
-2818
In base 14, what is b7 - -4?
bb
In base 16, what is -e8 - 4?
-ec
In base 4, what is -20 - 122?
-202
In base 14, what is -40 + 75?
35
In base 10, what is -3 + -119?
-122
In base 13, what is 264 - -2?
266
In base 11, what is 31 - -4?
35
In base 15, what is 3 + 253?
256
In base 5, what is 11131 - -1?
11132
In base 16, what is -912 - -2?
-910
In base 14, what is -a + -1b?
-27
In base 16, what is -ff - 4?
-103
In base 12, what is -3 - 17?
-1a
In base 16, what is -1071 - -3?
-106e
In base 13, what is -5 - 29?
-31
In base 11, what is 5 + 980?
985
In base 10, what is 38 + -270?
-232
In base 13, what is -3b3 - 5?
-3b8
In base 2, what is -10110 + -11101?
-110011
In base 7, what is -5 + -22?
-30
In base 13, what is 1ca + 4?
201
In base 5, what is -13 - 320?
-333
In base 12, what is -786 - 18?
-7a2
In base 8, what is 2 - 64?
-62
In base 6, what is -2 + 152?
150
In base 11, what is 41 - -3?
44
In base 12, what is -11a7 + 0?
-11a7
In base 6, what is 444 - 322?
122
In base 13, what is -ba + 4?
-b6
In base 8, what is 3 - 44?
-41
In base 4, what is 31 - -22?
113
In base 3, what is -211100 + -1?
-211101
In base 6, what is -420 - -1?
-415
In base 10, what is -1 + -337?
-338
In base 3, what is 11 + -110211?
-110200
In base 10, what is -795 + 3?
-792
In base 4, what is -10132 - -11?
-10121
In base 10, what is -8 - -19?
11
In base 6, what is 3304 - 3?
3301
In base 6, what is 5 + 5?
14
In base 10, what is -184 - -129?
-55
In base 6, what is 13 + 2405?
2422
In base 9, what is 0 + -106?
-106
In base 13, what is 0 - -106?
106
In base 4, what is 0 - 1103?
-1103
In base 12, what is -4 + -8?
-10
In base 9, what is 8453 + 4?
8457
In base 15, what is 109 - 4?
105
In base 7, what is -414 - 11?
-425
In base 10, what is -198 - 1?
-199
In base 5, what is -224 + -223?
-1002
In base 12, what is 194 + 1?
195
In base 5, what is 2 - 143?
-141
In base 5, what is 2223013 - 3?
2223010
In base 5, what is 0 - 111?
-111
In base 7, what is 3000 - -3?
3003
In base 4, what is 2 + 1001102?
1001110
In base 10, what is -10 + 146?
136
In base 6, what is -1 + -4240?
-4241
In base 4, what is 11 + 13102?
13113
In base 2, what is -1111 - -110000111001?
110000101010
In base 2, what is 11 + 11010?
11101
In base 15, what is 5 + 2e7?
2ec
In base 12, what is -5 - 159?
-162
In base 16, what is 3 - 3d6?
-3d3
In base 16, what is -2 - 38f?
-391
In base 16, what is 2 + 23?
25
In base 10, what is 17 + 33?
50
In base 6, what is 4 + -315?
-311
In base 7, what is 55 - -20?
105
In base 15, what is -4 - -3?
-1
In base 9, what is 12 - -132?
144
In base 9, what is -27 - -55?
27
In base 9, what is 27 - -12?
40
In base 5, what is 40203 - -2?
40210
In base 15, what is -1311 + -4?
-1315
In base 11, what is -45 + 5?
-40
In base 16, what is -4 - 9e?
-a2
In base 8, what is 20 + -2?
16
In base 5, what is 2 + 303?
310
In base 5, what is 4 + -113131?
-113122
In base 4, what is -2 - 2302?
-2310
In base 5, what is -2301 + 0?
-2301
In base 10, what is -5 + -89?
-94
In base 7, what is -1060 + 3?
-1054
In base 13, what is 5 - -21?
26
In base 11, what is 5 - 208?
-203
In base 5, what is 2 - -202?
204
In base 13, what is 5 + -c5?
-c0
In base 9, what is -5 - 104?
-110
In base 7, what is 343 - 13?
330
In base 15, what is 5d + -23?
3a
In base 3, what is -121100 + 12?
-121011
In base 16, what is -b1 - -1a?
-97
In base 11, what is 91 - -4?
95
In base 9, what is 30 - 14?
15
In base 13, what is 2 - -555?
557
In base 6, what is 25000 + 5?
25005
In base 8, what is -147 - -5?
-142
In base 4, what is 2 + -320?
-312
In base 14, what is 1 - 5c5?
-5c4
In base 11, what is -25 - -23?
-2
In base 16, what is -3382 - -4?
-337e
In base 6, what is -2030 + -44?
-2114
In base 16, what is -3b + 23?
-18
In base 8, what is 0 - 51?
-51
In base 6, what is 43004 - 5?
42555
In base 2, what is -111 - -10011101?
10010110
In base 11, what is 5 - -169?
173
In base 4, what is -1301 - 12?
-1313
In base 11, what is 30 - -11?
41
In base 5, what is 10 - -320?
330
In base 4, what is 12 + 211?
223
In base 12, what is 7b - 3?
78
In base 4, what is -13112 - -10?
-13102
In base 13, what is -4 + -24?
-28
In base 5, what is 2 + -4032?
-4030
In base 11, what is -2542 + 4?
-2539
In base 3, what is 100021022 - -10?
100021102
In base 9, what is 85 + -4?
81
In base 14, what is -7 - -1b?
14
In base 16, what is de84 - -2?
de86
In base 4, what is 10 + 203?
213
In base 12, what is 2 + 1817?
1819
In base 13, what is -4 - -140?
139
In base 6, what is -123 - -35?
-44
In base 4, what is 23313133 + 11?
23313210
In base 6, what is -142 + 42?
-100
In base 7, what is 33 - 21?
12
In base 16, what is 44 - 1?
43
In base 14, what is 110 - 15?
d9
In base 3, what is 1021 + -2211?
-1120
In base 14, what is -2 + -57?
-59
In base 2, what is 11010111111 + 110?
11011000101
In base 12, what is -2 + 114?
112
In base 14, what is -7b - -8?
-73
In base 16, what is -e10 - 2?
-e12
In base 12, what is 3 + b68?
b6b
In base 15, what is 0 + -70?
-70
In base 2, what is 10001 + -1000001?
-110000
In base 7, what is -31 - -12?
-16
In base 13, what is 2c - -29?
58
In base 10, what is 3 + -1171?
-1168
In base 3, what is 200 + -2110?
-1210
In base 11, what is -3721 - -1?
-3720
In base 10, what is -12 + 1?
-11
In base 6, what is -4 + 5235?
5231
In base 8, what is -172 + -3?
-175
In base 10, what is -976 - -14?
-962
In base 2, what is 10000000010 + 11?
10000000101
In base 6, what is 1102 - 5?
1053
In base 15, what is 4 + 40?
44
In base 12, what is 323 + -4?
31b
In base 5, what is 11 - -301?
312
In base 6, what is -125 + -5?
-134
In base 7, what is 10 - 105?
-65
In base 4, what is 10320332 + -10?
10320322
In base 13, what is -2 - 576?
-578
In base 7, what is -12264 - -11?
-12253
In base 8, what is -2111 - 5?
-2116
In base 10, what is 4 - 1073?
-1069
In base 8, what is 15 + -233?
-216
In base 14, what is 5 - 50?
-49
In base 5, what is -4203 + -1?
-4204
In base 13, what is -2c6 - -4?
-2c2
In base 11, what is 5 + -41?
-37
In base 6, what is -14120 + -4?
-14124
In base 9, what is -1 - -16?
15
In base 3, what is -221010 - 10?
-221020
In base 16, what is -4b + 5?
-46
In base 12, what is 2 + -1b0b?
-1b09
In base 11, what is 19 + 4?
22
In base 14, what is d - 5?
8
In base 14, what is 4 - -2d?
33
In base 13, what is -25 + 383?
35b
In base 11, what is 12a - -1?
130
In base 3, what is 110002 + 0?
110002
In base 13, what is 7 + 7?
11
In base 3, what is 12 + -2122?
-2110
In base 14, what is 16 - 20?
-8
In base 3, what is 110222011 + 12?
110222100
In base 5, what is 311433 - 1?
311432
In base 10, what is 4 - 113?
-109
In base 6, what is 2203 - 5?
2154
In base 5, what is 14 + 1?
20
In base 3, what is 11 + 1122101?
1122112
In base 6, what is -132 - 0?
-132
In base 6, what is -2 - -420?
414
In base 16, what is -f + 5f?
50
In base 2, what is 11 - -101110?
110001
In base 6, what is -3 - -100103?
100100
In base 2, what is 1011111 + 101101?
10001100
In base 3, what is -21 - 110?
-201
In base 5, what is 10 - -12430?
12440
In base 2, what is -10100 + 1?
-10011
In